1
What is the tens digit of 51913?
1
What is the tens digit of 47056?
5
What is the units digit of 29193?
3
What is the ten thousands digit of 10501?
1
What is the units digit of 895?
5
What is the units digit of 88?
8
What is the units digit of 12718?
8
What is the tens digit of 2151?
5
What is the ten thousands digit of 12369?
1
What is the tens digit of 1130?
3
What is the units digit of 1978?
8
What is the ten thousands digit of 23040?
2
What is the thousands digit of 23952?
3
What is the tens digit of 4306?
0
What is the hundreds digit of 6998?
9
What is the thousands digit of 7883?
7
What is the hundreds digit of 30107?
1
What is the units digit of 9456?
6
What is the ten thousands digit of 11623?
1
What is the thousands digit of 14998?
4
What is the units digit of 331?
1
What is the hundreds digit of 1417?
4
What is the units digit of 4349?
9
What is the units digit of 12502?
2
What is the hundreds digit of 198?
1
What is the units digit of 504?
4
What is the thousands digit of 3705?
3
What is the units digit of 725?
5
What is the tens digit of 1891?
9
What is the hundreds digit of 293?
2
What is the units digit of 10866?
6
What is the hundreds digit of 2430?
4
What is the hundreds digit of 286?
2
What is the units digit of 4853?
3
What is the tens digit of 587?
8
What is the hundreds digit of 315?
3
What is the units digit of 498?
8
What is the units digit of 4813?
3
What is the tens digit of 13382?
8
What is the hundreds digit of 224?
2
What is the hundreds digit of 380?
3
What is the tens digit of 119760?
6
What is the tens digit of 7033?
3
What is the hundreds digit of 19197?
1
What is the hundreds digit of 4555?
5
What is the hundreds digit of 1000?
0
What is the thousands digit of 2318?
2
What is the thousands digit of 67013?
7
What is the hundreds digit of 1435?
4
What is the hundreds digit of 2945?
9
What is the units digit of 373?
3
What is the tens digit of 21997?
9
What is the ten thousands digit of 135513?
3
What is the thousands digit of 53906?
3
What is the tens digit of 83200?
0
What is the tens digit of 18794?
9
What is the tens digit of 160816?
1
What is the units digit of 1633?
3
What is the thousands digit of 1975?
1
What is the hundreds digit of 387?
3
What is the ten thousands digit of 49976?
4
What is the hundreds digit of 3138?
1
What is the thousands digit of 1605?
1
What is the tens digit of 11487?
8
What is the hundreds digit of 305?
3
What is the thousands digit of 76423?
6
What is the hundreds digit of 431?
4
What is the tens digit of 9989?
8
What is the thousands digit of 18274?
8
What is the units digit of 2210?
0
What is the hundreds digit of 934?
9
What is the tens digit of 3765?
6
What is the units digit of 5553?
3
What is the thousands digit of 36776?
6
What is the ten thousands digit of 15985?
1
What is the units digit of 896?
6
What is the hundreds digit of 1446?
4
What is the hundreds digit of 6084?
0
What is the tens digit of 79?
7
What is the units digit of 4662?
2
What is the tens digit of 5120?
2
What is the units digit of 1277?
7
What is the hundreds digit of 3142?
1
What is the thousands digit of 13943?
3
What is the hundreds digit of 410?
4
What is the thousands digit of 2378?
2
What is the units digit of 10331?
1
What is the units digit of 5266?
6
What is the thousands digit of 4256?
4
What is the thousands digit of 10033?
0
What is the tens digit of 510?
1
What is the units digit of 2002?
2
What is the hundreds digit of 17876?
8
What is the thousands digit of 2462?
2
What is the units digit of 993?
3
What is the hundreds digit of 36115?
1
What is the tens digit of 218?
1
What is the hundreds digit of 2464?
4
What is the tens digit of 6625?
2
What is the hundreds digit of 1489?
4
What is the thousands digit of 9377?
9
What is the hundreds digit of 4631?
6
What is the tens digit of 11151?
5
What is the hundreds digit of 10681?
6
What is the thousands digit of 35675?
5
What is the tens digit of 943?
4
What is the hundreds digit of 1210?
2
What is the thousands digit of 6163?
6
What is the hundreds digit of 567?
5
What is the units digit of 51221?
1
What is the units digit of 240?
0
What is the tens digit of 1421?
2
What is the thousands digit of 1980?
1
What is the thousands digit of 6180?
6
What is the ten thousands digit of 43075?
4
What is the tens digit of 461?
6
What is the units digit of 1664?
4
What is the ten thousands digit of 10447?
1
What is the tens digit of 1056?
5
What is the thousands digit of 1081?
1
What is the thousands digit of 1306?
1
What is the hundreds digit of 94752?
7
What is the ten thousands digit of 13755?
1
What is the thousands digit of 149272?
9
What is the hundreds digit of 1644?
6
What is the thousands digit of 57756?
7
What is the thousands digit of 21029?
1
What is the ten thousands digit of 13524?
1
What is the hundreds digit of 20955?
9
What is the units digit of 437?
7
What is the tens digit of 23696?
9
What is the units digit of 7555?
5
What is the units digit of 889?
9
What is the hundreds digit of 310?
3
What is the tens digit of 43699?
9
What is the hundreds digit of 1244?
2
What is the tens digit of 495?
9
What is the tens digit of 1032?
3
What is the tens digit of 118274?
7
What is the units digit of 806?
6
What is the units digit of 88666?
6
What is the hundreds digit of 23463?
4
What is the hundreds digit of 27605?
6
What is the tens digit of 818?
1
What is the hundreds digit of 1504?
5
What is the thousands digit of 1762?
1
What is the tens digit of 974?
7
What is the ten thousands digit of 31747?
3
What is the hundreds digit of 4984?
9
What is the units digit of 5429?
9
What is the units digit of 10232?
2
What is the tens digit of 16052?
5
What is the hundreds digit of 30840?
8
What is the units digit of 6624?
4
What is the units digit of 96206?
6
What is the hundreds digit of 2543?
5
What is the units digit of 477?
7
What is the ten thousands digit of 41621?
4
What is the hundreds digit of 7113?
1
What is the ten thousands digit of 23112?
2
What is the ten thousands digit of 96669?
9
What is the units digit of 363?
3
What is the units digit of 58194?
4
What is the units digit of 2595?
5
What is the thousands digit of 6411?
6
What is the tens digit of 91405?
0
What is the hundreds digit of 4599?
5
What is the units digit of 5589?
9
What is the hundreds digit of 857?
8
What is the tens digit of 1682?
8
What is the ten thousands digit of 14971?
1
What is the tens digit of 3959?
5
What is the hundreds digit of 11037?
0
What is the units digit of 70?
0
What is the hundred thousands digit of 143638?
1
What is the ten thousands digit of 41337?
4
What is the hundreds digit of 9619?
6
What is the ten thousands digit of 35663?
3
What is the ten thousands digit of 117804?
1
What is the hundreds digit of 24316?
3
What is the thousands digit of 11154?
1
What is the units digit of 41157?
7
What is the units digit of 15806?
6
What is the thousands digit of 2158?
2
What is the tens digit of 202?
0
What is the hundreds digit of 11705?
7
What is the thousands digit of 15931?
5
What is the units digit of 4042?
2
What is the thousands digit of 38673?
8
What is the thousands digit of 6415?
6
What is the ten thousands digit of 33701?
3
What is the tens digit of 50729?
2
What is the thousands digit of 6231?
6
What is the hundreds digit of 7664?
6
What is the units digit of 2425?
5
What is the tens digit of 10232?
3
What is the tens digit of 1968?
6
What is the units digit of 2696?
6
What is the hundreds digit of 6859?
8
What is the units digit of 27349?
9
What is the hundreds digit of 10012?
0
What is the units digit of 1706?
6
What is the units digit of 1286?
6
What is the units digit of 2245?
5
What is the tens digit of 629?
2
What is the hundreds digit of 157617?
6
What is the tens digit of 1774?
7
What is the tens digit of 4597?
9
What is the hundreds digit of 1265?
2
What is the tens digit of 6062?
6
What is the units digit of 518?
8
What is the hundreds digit of 11155?
1
What is the units digit of 110873?
3
What is the tens digit of 24827?
2
What is the units digit of 708?
8
What is the units digit of 1889?
9
What is the tens digit of 81515?
1
What is the hundreds digit of 2299?
2
What is the tens digit of 2105?
0
What is the thousands digit of 1762?
1
What 